= 28*j + 16. Let u be r(3). What is the highest common factor of u and 4?
4
Let t be ((-92)/(-3))/((-7)/(63/3)). Let h = -75 - t. Calculate the highest common divisor of 1 and h.
1
Let v(o) = o**2 + 3*o + 2. Let z be v(-3). Let c be (z - (11 + -5)) + 260. Calculate the highest common divisor of c and 32.
32
Suppose -o = -3*j + 184, 0 = -3*j - 2*o + 4*o + 188. Let g be ((-4)/(-5))/(2/j). Let f = -34 - -70. What is the greatest common factor of g and f?
12
Let a = 459 - 243. Calculate the greatest common factor of 72 and a.
72
Let v(r) = 2*r**2 + 8*r + 6. Let g be v(-6). Suppose 99 = 5*w - 1. Calculate the greatest common divisor of g and w.
10
Let f(p) = 6*p**2 - 29*p + 47. Let d be f(7). What is the greatest common divisor of d and 12?
6
Let l be 10/(-3)*345/(-46). Calculate the highest common divisor of l and 25.
25
Let x = 1822 - 1297. Calculate the highest common factor of 21 and x.
21
Let v(l) = -l**2 - 9*l + 6. Let n be v(-6). Suppose 313 = -43*j + 8569. Calculate the highest common factor of n and j.
24
Let n(t) = -22*t - 504. Let v be n(-28). What is the greatest common divisor of 119 and v?
7
Let m(c) be the third derivative of -5*c**4/12 - 5*c**3/6 - 14*c**2 + 3. Let d be m(-3). What is the greatest common divisor of 5 and d?
5
Let r = 1325 - 1283. Calculate the greatest common divisor of 14 and r.
14
Suppose -8*g + 13*g = 1610. Suppose -p = -g - 200. Suppose 523 = 5*z - p. What is the greatest common divisor of 19 and z?
19
Let j(t) = 2*t**2 + 18*t - 187. Let l be j(-43). What is the greatest common factor of 161 and l?
161
Let o(k) = 684*k - 79. Let i be o(1). Calculate the highest common factor of 25 and i.
5
Suppose -m - 2*p + 3511 = 0, -41*m + 42*m = 4*p + 3535. Calculate the highest common factor of m and 51.
51
Let y = -1094 + 1718. Calculate the highest common factor of y and 39.
39
Let k(y) = -y**2 + 6*y + 16. Let r be k(-3). Let a be (r/(264/342))/((-9)/24). Let u(w) = 19*w. Let i be u(2). What is the highest common divisor of a and i?
38
Suppose 2*v + 0*v - 236 = 0. Let w be v/8 + 11/44. What is the highest common factor of 120 and w?
15
Let i(b) = b**3 + 22*b**2 + 22*b + 91. Let r be i(-21). Suppose 0 = -0*h + 2*h - 72. Let f = h + -26. Calculate the greatest common divisor of f and r.
10
Let r = 136 + -125. Let f(w) = -w**2 - 8*w - 4. Let c be f(-7). Suppose 15 = c*d + 3, 2*d - 41 = -3*h. What is the highest common factor of h and r?
11
Suppose 2*r - 5*r + 42 = 2*q, 3*q + 5*r - 64 = 0. Calculate the greatest common factor of 81 and q.
9
Let q(i) = -2*i**2 + 30*i - 12. Let f be q(10). Suppose 0 = -5*h + 2*c + 11 + 36, 0 = -h - c + 15. Calculate the highest common factor of h and f.
11
Let v(p) = -20*p**3 + p**2 - p - 14. Let t be v(-2). What is the greatest common factor of 285 and t?
19
Let l(i) = 6*i**3 + 2*i**2 - i - 2. Let a be l(1). Suppose -d + 43 - 7 = 4*p, -3*p + a*d = -4. What is the greatest common divisor of 12 and p?
4
Let h(s) be the second derivative of s**5/20 + s**4 - 17*s**3/6 + 2*s**2 - 17*s. Let p be h(-13). Calculate the highest common divisor of 28 and p.
28
Suppose 157*q + 27 = 158*q. Let u = 29 + -20. What is the greatest common factor of u and q?
9
Let r = 337 - 334. Let d(t) be the third derivative of 9*t**4/8 - 4*t**2. Let w be d(1). What is the greatest common factor of r and w?
3
Let s(f) = -3*f - 14. Let l be s(-4). Let d be 31/4 + l - 3/(-12). What is the greatest common factor of 114 and d?
6
Suppose -5*l = z - 79 - 522, 0 = -4*z + 4. Let t be (-4)/(-2) - 8 - -2. Let w(p) = -7*p - 4. Let h be w(t). Calculate the greatest common factor of h and l.
24
Suppose -n + 2 = 1. Let z be (2 - 1)/(n/3). Suppose g - 32 = z*y, -46 = -3*g + y + 26. What is the highest common divisor of g and 161?
23
Suppose 8*k = 13 + 19. What is the highest common factor of k and 72?
4
Let i(d) = -d**3 - 3*d**2 + 6*d + 2. Let k be i(-4). Let n = 1 - k. Suppose -2*a = -n*a + 1320. What is the highest common divisor of a and 24?
24
Let k = 652 - 633. What is the highest common divisor of k and 19?
19
Let g be 1562/(-10) - (-8)/(-10). Let n = g + 227. Suppose 3*s - 4*s = -2*o + 57, -5*s - 61 = -2*o. What is the greatest common divisor of n and o?
14
Let r = -554 + 558. Let c(d) = 3 - 3*d - 9 + 2*d**2 + d**3 - 6*d**2. Let o be c(5). Calculate the greatest common divisor of o and r.
4
Suppose 6 + 3 = f. Let r be ((-9756)/(-66) - -9) + 4/22. Let g be r/2 + 30/12. Calculate the highest common divisor of g and f.
9
Let r = 315 + -311. What is the greatest common divisor of 44 and r?
4
Let y = 210 - 199. What is the highest common divisor of 55 and y?
11
Suppose 3*q = z + 225, 225 = 3*q - 5*z + 6*z. What is the highest common divisor of q and 285?
15
Let x(t) = 62*t**3 + t**2. Let l be x(1). Suppose 28*n - 20 = 32*n, 0 = 5*j + n - 30. Calculate the highest common divisor of j and l.
7
Let l(p) = p**3 + 5*p**2 - 6*p + 3. Let x be l(-6). Let s(z) = z**2 + 11*z - 53. Let a be s(-16). What is the greatest common factor of x and a?
3
Suppose 4*c - 3*c = 24. Suppose -3*a + c = -2*a. Let d(b) = -2*b + 14. Let v be d(-11). Calculate the highest common divisor of a and v.
12
Let w = 29 - 126. Let f = w + 145. What is the greatest common divisor of f and 32?
16
Suppose 321 = 2*j + 3*f, -f - 5 = -2. What is the greatest common divisor of 55 and j?
55
Let d be (-2 + -3)/(0 + -1). Suppose 60 = d*o - o. Let s be (30/(-8))/((-1)/4). Calculate the greatest common factor of s and o.
15
Suppose 29*q - 690 = -226. What is the greatest common factor of q and 24?
8
Let o(n) = -12*n + 18. Let l be o(-3). Let c = 330 + l. What is the highest common divisor of c and 48?
48
Suppose 10*q + 4*c + 556 = 15*q, -5*q = 5*c - 520. What is the greatest common factor of q and 144?
36
Let i be 86/(-1)*13/(-26). Suppose 5*n + i = 178. What is the greatest common divisor of n and 9?
9
Let x(a) = -a + 14. Let o(s) = s**2 + s + 1. Let c(y) = -o(y) + x(y). Let k be c(0). What is the highest common factor of k and 91?
13
Let b = 17 + -2. Suppose -10 = -5*n + 15. Suppose i + w = 3, -i + n*w + 13 = w. Calculate the highest common divisor of i and b.
5
Let n(k) = -k**3 - 3*k**2 + 11*k - 4. Let l be n(-6). Suppose 0 = -39*c + l*c + 15. What is the highest common divisor of 5 and c?
5
Let l(i) = i**2 - 14*i + 15. Let b be l(13). Let j be -7 - -147 - (-8)/b. What is the greatest common divisor of j and 9?
9
Suppose -7*h = -29 - 34. Suppose -h*j - 4*j = -1352. Calculate the highest common factor of j and 13.
13
Let o(x) = x**2 - x - 17. Let f be o(11). Let q = 20 + 42. What is the greatest common factor of q and f?
31
Let l = -400 + 575. Let p = -48 + 32. Let u be (200/p)/((2/2)/(-2)). What is the highest common divisor of u and l?
25
Suppose 0*z + z = 5. Suppose 5*o - 5*k = 16 + 589, 0 = -3*o - z*k + 347. What is the greatest common divisor of 17 and o?
17
Suppose 2*m - 31 = -3*w - 2*w, 4*w + 5*m - 35 = 0. Suppose b + 288 = w*b. Suppose 8*f - 5*f = b. What is the greatest common divisor of f and 60?
12
Let u be (-10)/4*(-54)/45. Suppose u*w = 4*w - 2*g - 39, 6 = -3*g. What is the greatest common factor of w and 5?
5
Suppose r + 2*c - 34 = -0*c, r = 4*c + 22. Suppose 0 = -13*i + 193 + 67. Calculate the highest common factor of r and i.
10
Suppose -r + 4*w = r - 26, 0 = r - 5*w - 22. Let v = 11 + 80. What is the greatest common factor of r and v?
7
Suppose -11*f + f = -220. Calculate the highest common factor of 418 and f.
22
Let m(p) = -p**3 + 9*p**2 + 22*p + 14. Let b be m(11). What is the highest common divisor of b and 2?
2
Suppose -8 = -4*r + 8. Let a be (-105)/4 - (-1)/r. Let p = a - -27. Calculate the greatest common factor of p and 5.
1
Suppose 26 = -3*p + 4*p - 4*r, -3*r + 33 = 3*p. Let x = 1 + 0. Let f = 1 + x. What is the greatest common divisor of f and p?
2
Suppose 0 = -13*h + 109*h - 41280. What is the greatest common factor of 172 and h?
86
Suppose 8*l - 6*l - 48 = 0. Let c be (-4)/l - (-3063)/18. Suppose -y + 18 = m, -3*m + 35 = -m + y. Calculate the greatest common divisor of c and m.
17
Let l = 2 - -42. Suppose -4*f + l = -0*f. What is the highest common divisor of 121 and f?
11
Let l(y) = y + 15. Let r be l(-6). Suppose -s + r*s = 496. Suppose -u + 46 = -s. What is the highest common divisor of u and 12?
12
Let s be 1 + -1 - (-1 - 0). Suppose -k - 4*k - 5